{"id":720,"date":"2024-06-04T10:57:08","date_gmt":"2024-06-04T08:57:08","guid":{"rendered":"https:\/\/ubifo.at\/?page_id=720"},"modified":"2024-06-04T10:57:08","modified_gmt":"2024-06-04T08:57:08","slug":"mag-lydia-zellacher","status":"publish","type":"page","link":"https:\/\/ubifo.at\/en\/mag-lydia-zellacher\/","title":{"rendered":"Mag. Lydia Zellacher"},"content":{"rendered":"<table class=\" alignleft\" style=\"width: 100%; height: 644px;\" border=\"0\" cellspacing=\"0\" cellpadding=\"0\">\n<tbody>\n<tr style=\"height: 762px;\">\n<td style=\"height: 10px; width: 21.8519%;\" align=\"left\" valign=\"top\" height=\"425\"><img loading=\"lazy\" class=\"alignnone size-full wp-image-167\" src=\"http:\/\/ubifo.at\/wp-content\/uploads\/2018\/11\/zellacher.jpg\" alt=\"zellacher\" width=\"105\" height=\"140\" \/><\/td>\n<td style=\"height: 10px; width: 77.9012%;\" align=\"left\" valign=\"top\"><span class=\"bold\"><strong>Mag. Lydia Zellacher<\/strong><\/span><br \/>\n<span class=\"italicSmall\"><em>Alpen Adria-Universit\u00e4t Klagenfurt\/Celovec<\/em><\/span><span class=\"italicSmall\"><span class=\"italicSmall\">Lydia Zellacher (geb.\u00a01964) studierte P\u00e4dagogik und Bildungswissenschaftliche Psychologie an der Universit\u00e4t Klagenfurt. An der dortigen Universit\u00e4tsbibliothek arbeitete sie \u00fcber Jahre als Studentin im Servicebereich und sp\u00e4ter als freie Mitarbeiterin im Karl Popper-Archiv. Dar\u00fcber hinaus Projektarbeit zum Thema Rechtsextremismus am Institut f\u00fcr P\u00e4dagogik und Jugendsozialarbeit f\u00fcr Betreutes Wohnen in Klagenfurt. Die Ausbildung f\u00fcr den gehobenen Bibliotheks- und Informationsdienst absolvierte Zellacher an der UB-Wien. Von 2001 bis 2011 Fachreferentin f\u00fcr Philosophie\/Psychologie\/P\u00e4dagogik und Gruppendynamik. Seit M\u00e4rz 2012 Leiterin der Universit\u00e4tsbibliothek Klagenfurt\/Celovec.<\/span><\/span><em><br \/>\nUB der Universit\u00e4t Klagenfurt<\/em><br \/>\n<em>Universit\u00e4tsstra\u00dfe 65-67, 9020 Klagenfurt<\/em><br \/>\n<em>T: +43-463-2700-9501<\/em><br \/>\n<em><a href=\"mailto:lydia.zellacher@aau.at\">lydia.zellacher@aau.at<\/a><\/em><em>Skills: Strategieentwicklung, Personalf\u00fchrung<\/em><\/td>\n<\/tr>\n<tr style=\"height: 634px;\">\n<td style=\"width: 21.8519%; height: 634px;\"><\/td>\n<td style=\"width: 77.9012%; height: 634px;\"><em>Alpen Adria University Klagenfurt\/Celovec<\/em><\/p>\n<p>Lydia Zellacher (born 1964) studied education and educational psychology at the University of Klagenfurt. At the university library there she worked for years as a student in the service area and later as a freelancer in the Karl Popper archive. In addition, project work on right-wing extremism at the Institute for Education and Youth Social Work for Assisted Living in Klagenfurt. Zellacher completed the training for the upscale library and information service at the Vienna University Library. From 2001 to 2011 subject specialist for philosophy\/psychology\/education and group dynamics. Head of the Klagenfurt\/Celovec University Library since March 2012.<\/p>\n<p><em>University Library \u2013 University of Klagenfurt<\/em> <em>Universit\u00e4tsstrasse 65-67<br \/>\n<\/em><em>A-9020 Klagenfurt<\/em><br \/>\n<em>Tel. +43 463 2700 9501<\/em><br \/>\n<em><a href=\"mailto:lydia.zellacher@aau.at\">lydia.zellacher@aau.at<\/a><\/em><\/p>\n<p>Skills: Strategic development, personnel management<\/p>\n<p><span class=\"bold\"><strong>\u00a0<\/strong><\/span><\/td>\n<\/tr>\n<\/tbody>\n<\/table>\n","protected":false},"excerpt":{"rendered":"<p>Mag. Lydia Zellacher Alpen Adria-Universit\u00e4t Klagenfurt\/CelovecLydia Zellacher (geb.\u00a01964) studierte P\u00e4dagogik und Bildungswissenschaftliche Psychologie an der Universit\u00e4t Klagenfurt. An der dortigen<\/p>\n","protected":false},"author":1,"featured_media":0,"parent":0,"menu_order":0,"comment_status":"closed","ping_status":"closed","template":"","meta":[],"_links":{"self":[{"href":"https:\/\/ubifo.at\/en\/wp-json\/wp\/v2\/pages\/720"}],"collection":[{"href":"https:\/\/ubifo.at\/en\/wp-json\/wp\/v2\/pages"}],"about":[{"href":"https:\/\/ubifo.at\/en\/wp-json\/wp\/v2\/types\/page"}],"author":[{"embeddable":true,"href":"https:\/\/ubifo.at\/en\/wp-json\/wp\/v2\/users\/1"}],"replies":[{"embeddable":true,"href":"https:\/\/ubifo.at\/en\/wp-json\/wp\/v2\/comments?post=720"}],"version-history":[{"count":3,"href":"https:\/\/ubifo.at\/en\/wp-json\/wp\/v2\/pages\/720\/revisions"}],"predecessor-version":[{"id":741,"href":"https:\/\/ubifo.at\/en\/wp-json\/wp\/v2\/pages\/720\/revisions\/741"}],"wp:attachment":[{"href":"https:\/\/ubifo.at\/en\/wp-json\/wp\/v2\/media?parent=720"}],"curies":[{"name":"wp","href":"https:\/\/api.w.org\/{rel}","templated":true}]}}

<table class=" alignleft" style="width: 100%; height: 644px;" border="0" cellspacing="0" cellpadding="0">
<tbody>
<tr style="height: 762px;">
<td style="height: 10px; width: 21.8519%;" align="left" valign="top" height="425"><img loading="lazy" class="alignnone size-full wp-image-167" src="http://ubifo.at/wp-content/uploads/2018/11/zellacher.jpg" alt="zellacher" width="105" height="140" /></td>
<td style="height: 10px; width: 77.9012%;" align="left" valign="top"><span class="bold"><strong>Mag. Lydia Zellacher</strong></span><br />
<span class="italicSmall"><em>Alpen Adria-Universität Klagenfurt/Celovec</em></span><span class="italicSmall"><span class="italicSmall">Lydia Zellacher (geb. 1964) studierte Pädagogik und Bildungswissenschaftliche Psychologie an der Universität Klagenfurt. An der dortigen Universitätsbibliothek arbeitete sie über Jahre als Studentin im Servicebereich und später als freie Mitarbeiterin im Karl Popper-Archiv. Darüber hinaus Projektarbeit zum Thema Rechtsextremismus am Institut für Pädagogik und Jugendsozialarbeit für Betreutes Wohnen in Klagenfurt. Die Ausbildung für den gehobenen Bibliotheks- und Informationsdienst absolvierte Zellacher an der UB-Wien. Von 2001 bis 2011 Fachreferentin für Philosophie/Psychologie/Pädagogik und Gruppendynamik. Seit März 2012 Leiterin der Universitätsbibliothek Klagenfurt/Celovec.</span></span><em><br />
UB der Universität Klagenfurt</em><br />
<em>Universitätsstraße 65-67, 9020 Klagenfurt</em><br />
<em>T: +43-463-2700-9501</em><br />
<em><a href="mailto:lydia.zellacher@aau.at">lydia.zellacher@aau.at</a></em><em>Skills: Strategieentwicklung, Personalführung</em></td>
</tr>
<tr style="height: 634px;">
<td style="width: 21.8519%; height: 634px;"></td>
<td style="width: 77.9012%; height: 634px;"><em>Alpen Adria University Klagenfurt/Celovec</em></p>
<p>Lydia Zellacher (born 1964) studied education and educational psychology at the University of Klagenfurt. At the university library there she worked for years as a student in the service area and later as a freelancer in the Karl Popper archive. In addition, project work on right-wing extremism at the Institute for Education and Youth Social Work for Assisted Living in Klagenfurt. Zellacher completed the training for the upscale library and information service at the Vienna University Library. From 2001 to 2011 subject specialist for philosophy/psychology/education and group dynamics. Head of the Klagenfurt/Celovec University Library since March 2012.</p>
<p><em>University Library – University of Klagenfurt</em> <em>Universitätsstrasse 65-67<br />
</em><em>A-9020 Klagenfurt</em><br />
<em>Tel. +43 463 2700 9501</em><br />
<em><a href="mailto:lydia.zellacher@aau.at">lydia.zellacher@aau.at</a></em></p>
<p>Skills: Strategic development, personnel management</p>
<p><span class="bold"><strong> </strong></span></td>
</tr>
</tbody>
</table>

<p>Mag. Lydia Zellacher Alpen Adria-Universität Klagenfurt/CelovecLydia Zellacher (geb. 1964) studierte Pädagogik und Bildungswissenschaftliche Psychologie an der Universität Klagenfurt. An der dortigen</p>
